ousands digit of y(65)?
2
Suppose -s - 4*s - 22313 = -3*r, r - 7439 = 3*s. What is the units digit of r?
6
Suppose -3*n = -5*o - 37547, -117*n + 25031 = -115*n - 3*o. What is the tens digit of n?
1
Let g(l) = 6*l**2 + 37*l + 2088. What is the hundreds digit of g(0)?
0
Suppose -143 = i - 135. What is the units digit of i/2 + (5 - -470)?
1
Suppose 4*u - 1916*i + 1918*i = 175120, -5*u = -3*i - 218867. What is the hundreds digit of u?
7
Suppose 6*q + 182 = 242. Suppose -m - 5*p + 168 = -q*p, -m - 5*p = -188. What is the hundreds digit of m?
1
Suppose 0*g - 36 = -3*s + 5*g, 4*s - 48 = -4*g. Suppose 0 = 9*d - s*d - 12. What is the units digit of 2/(-8) + (-165)/d?
1
Suppose -4*z + 30 = -2*s, 0*z - 34 = -4*z - 2*s. Suppose 5*y = u - 29, -5*u - y + 33 = -z. What is the units digit of u?
9
Suppose -5*g + 35 = -15. Let c(z) = 17*z - 15. What is the tens digit of c(g)?
5
Suppose 0*d + 2*d + 802 = 0. Let c = 211 + d. Let i = 281 + c. What is the units digit of i?
1
Suppose -4*o + 1196 = 3*b, -2*b - 60 = -o + 228. Suppose 2*u + 403 = -11. Let p = o + u. What is the tens digit of p?
8
Suppose k + 38 = -2*h + 179, 0 = k + 5*h - 135. Let m(n) = -2*n + 63. Let i be m(8). Let r = k - i. What is the units digit of r?
8
Let b be 0 - (-22)/8 - 6/(-24). Let m be 8598/8 - b/24*6. Suppose -m = -5*p + o, -11*o + 4 = -7*o. What is the units digit of p?
5
Let l(y) = y**3 + 12*y**2 - 37*y + 32. Let h be l(24). Suppose 0*m - 20*m = -h. What is the units digit of m?
4
What is the tens digit of ((-63)/(-14) - -8)/((-4)/(-8056))?
7
Suppose 0 = 27*v - 24*v + 123. Let j = v - -17. What is the tens digit of (-2)/8 - (5 + 1134/j)?
4
Let m be 1 + (-2)/2 + -120. Suppose -44 = -w - 5*r, -3*w + 5*w = -r + 124. Let b = w - m. What is the units digit of b?
4
Let v(o) = -1104*o + 105. What is the units digit of v(-17)?
3
Let c be 0 + 23/4 - 57/76. Suppose -5*x + 363 = -2*a, -24*x + c*a - 51 = -25*x. What is the tens digit of x?
7
Let s(x) be the third derivative of 49*x**6/120 + x**4/8 - 4*x**2 - 4*x. What is the tens digit of s(2)?
9
Let m = -40 + 32. Let u be (-118)/(-3) + m/24. Let q = u + 35. What is the tens digit of q?
7
Suppose -6*w = 4*w - 30. Suppose -4*a + 2412 = w*k, -k - 821 = -2*a + 385. What is the units digit of a?
3
Let w(x) = -408*x**3 + x**2 + 9*x + 9. Let o be w(-1). Suppose -98*p - o = -99*p. What is the units digit of p?
9
Let p be (156/(-91))/(2/42). What is the tens digit of 8*(-2)/(-144) + (-54860)/p?
2
Suppose -4*m + 2969 + 463 = 0. Let t = -182 + m. What is the units digit of t?
6
Let x be (0 - -1)/((15/(-65))/(-3)). Suppose x*j + 2*j = 5355. What is the units digit of j?
7
Suppose -4*r - 4*f = -24, -r = -4*f - f. Suppose u + 880 = r*u + t, -t - 880 = -4*u. What is the hundreds digit of u?
2
Let s(f) = 3*f - 16. Let r be s(6). Suppose 2*t = -r*t + w + 1317, 1335 = 4*t + 5*w. Suppose 5*o - 2*m - 2*m - t = 0, m + 66 = o. What is the units digit of o?
6
Let u(x) be the third derivative of x**4/6 + 7*x**3/3 - 5*x**2. Let l be (-5 - -1)*(-1 + (-3)/6). What is the units digit of u(l)?
8
Suppose -4*t = 16 - 12. What is the units digit of -13*(-25 - (-5 + t))?
7
Let b(t) = 22*t**3 - 12*t - 6. Let v be b(-4). Let j = 2052 + v. What is the hundreds digit of j?
6
Suppose -21 = -29*j + 26*j. Suppose -6*b + j*b = 0. Suppose b*z - 189 = -3*z. What is the tens digit of z?
6
Let a be (-478)/8*(1 - (12 - -1)). Let b = 1209 - a. What is the hundreds digit of b?
4
Suppose 0 = -0*j + 2*j + 20. Let y(u) = -u**2 - 7*u + 18. Let l be y(j). What is the units digit of 31 - 6*8/l?
5
Suppose 6*g + 6786 = -3*g. What is the tens digit of (-3 - 5/2)/(13/g)?
1
Let m be (-18)/63 + 131/(-7). Let p = -200 + 218. Let q = p - m. What is the units digit of q?
7
Let n(k) = k**3 + 11*k**2 + 6*k - 3. Let b be n(5). Suppose -5*h - o = -b, 7*h - 8*h = 5*o - 71. What is the tens digit of h?
8
Suppose -1126 - 1331 = -21*s. Let h = -91 + s. What is the tens digit of h?
2
Let z(m) = -1026*m + 56. Let t be z(-9). Suppose -14*v + t = -2526. What is the hundreds digit of v?
8
Let i = 1557 + -806. What is the units digit of i?
1
What is the tens digit of (98 - -10938)/(2 - 4/3)?
5
Suppose 13*r + 1 = 53. Suppose 0 = -3*p - 5*g + 185, -3*p + r*g + 2 + 147 = 0. What is the tens digit of p?
5
Suppose q - 6828 = j, 6 = 5*j - 3*j. What is the thousands digit of q?
6
Let d(n) = -n**3 - 5*n**2 - 5*n - 1. Let t be d(-4). Suppose -10 + 4 = -t*m. What is the tens digit of 7/(-28)*-1*m*204?
0
Suppose -g = -5*o + 72152, 4*o + 0*o - 4*g = 57712. What is the tens digit of o?
3
Let c be 436 - 4/(-10)*-5. Let h = c - 298. What is the hundreds digit of h?
1
Let w = 22936 - -38387. What is the tens digit of w?
2
Let b = -34 - -49. Let f(k) = -k**3 + 16*k**2 - 14*k - 18. Let h be f(b). What is the units digit of 15/(-3) + (-57)/h?
4
What is the tens digit of ((-7)/(-2))/(-17*(-7)/238) + 34736?
4
Let o = -15506 - -33283. What is the thousands digit of o?
7
Let c(w) be the third derivative of w**5/60 - 13*w**4/24 - 137*w**3/6 - w**2 + 2*w. What is the hundreds digit of c(30)?
3
Let r(v) = 30*v**2 - 129*v - 1898. What is the hundreds digit of r(-45)?
6
Suppose 15*o = 10*o - 2*w + 20, 0 = 4*w + 20. What is the hundreds digit of (o/(-9))/((-18)/44928)?
6
Let i(y) = -y**3 + 89*y**2 - 264*y + 230. What is the hundreds digit of i(85)?
6
Let n = -121 - -1146. Let y = n - 725. What is the units digit of y?
0
Let f = 137 - 140. What is the hundreds digit of (-487)/(f + (-6 - -8))?
4
Suppose -22*k = -l - 25*k + 4696, 18829 = 4*l - 3*k. What is the thousands digit of l?
4
Let b = -5105 - -13412. What is the tens digit of b?
0
Let o(j) be the second derivative of j**4/12 + 7*j**3/6 + 19*j**2/2 - 103*j. What is the tens digit of o(0)?
1
Let l = 4380 + 2290. What is the tens digit of l?
7
What is the tens digit of -1043883*(-19)/855 + 6/10?
9
Let c = -86804 + 168412. What is the tens digit of c?
0
Let f = -5041 - -5614. What is the units digit of f?
3
Suppose 2*d = -3 - 7, 632 = -2*t + 4*d. Let y = t + 510. What is the units digit of y?
4
Suppose 5*b = -3*l + 1536, -3*b = 11*l - 16*l - 908. Suppose -6*q + 264 = -b. What is the tens digit of q?
9
Suppose 3*d + 2*l + 34 = -10, d + l = -13. Let r(o) = 2*o**2 + 25*o - 10. Let p be r(d). Suppose x - p = -2. What is the hundreds digit of x?
1
What is the units digit of (103468/(-10))/(288/(-1440))?
4
Let a(c) = -5*c + 33. Let n(g) = -25*g + 164. Let z(b) = 11*a(b) - 2*n(b). Suppose -9*q = 76 + 23. What is the tens digit of z(q)?
9
Let t = -1739 + 2627. Suppose -3*m - f + t = 0, m - 6*f + 3*f - 306 = 0. What is the units digit of m?
7
Suppose 0 = -3*l - 2*x + 323, -2*l + 4*x + 266 = 72. Let d = 455 - l. What is the tens digit of d?
5
Let o(m) = 5*m**2 + 77*m + 244. What is the units digit of o(-73)?
8
What is the thousands digit of (-1260)/2*(-4386)/85?
2
Let c = 558 + 11307. What is the tens digit of c?
6
Let d(p) = 5*p**3 - 2*p**2 + 2*p - 8. Let x be d(3). Suppose -125 = -5*y - x. Suppose y*n + 90 - 354 = 0. What is the tens digit of n?
3
Let a(x) be the second derivative of 475*x**3/6 - 3*x**2/2 - 2*x + 79. What is the tens digit of a(1)?
7
Let u(j) = -182*j + 340. What is the units digit of u(-23)?
6
Let v(w) = w + 5. Let r = -18 + 15. Let s be v(r). Let g = 51 - s. What is the units digit of g?
9
Suppose -358 = -27*c + 25*c. Suppose 5*a - c = 1651. What is the hundreds digit of a?
3
Suppose 0 = 47*c - 14*c + 231. What is the hundreds digit of (c - 36)/((-1)/4)?
1
Let i(q) = 39*q**2 - 337*q + 1681. What is the units digit of i(5)?
1
Suppose -2*r - 4*p = -180, -3*r = 2*p - 188 - 82. Let j = -207 + r. Let c = 216 + j. What is the units digit of c?
9
Suppose -5*x + 1 + 19 = 0, 4*x - 5641 = -3*n. What is the tens digit of n?
7
What is the hundreds digit of -156*(235/25)/((-8)/10)?
8
Let i be (4 + (-5 - -3))/((-4)/10). Let v be (i/(-10))/((6/8)/3). Suppose 3*x = -v*p + 63, -2*x - 167 = -p - 4*p. What is the units digit of p?
3
Suppose 9*k - 56873 = -3*t + 4*k, 0 = -t - k + 18957. What is the ten thousands digit of t?
1
Suppose 0 = -106*d + 506263 + 142881. What is the hundreds digit of d?
1
Let n be 21 + 85/35 + 3/(-7). Let t(w) = w**2 - 25*w + 45. Let b be t(n). What is the units digit of 149 + (5 - 6) + (-3)/b?
1
Suppose -4*j = -5*b - 0 - 39, -39 = -5*j + 3*b. Suppose -3*q + w - j + 20 = 0, 5*q 